 10 + 49. Suppose -4*v - 103 = -3*r, 0 = 2*v - r + 62 - 9. Let q = v + 40. Calculate the remainder when z is divided by q.
11
What is the remainder when 2/5*(-2)/(-4) - (-14014)/55 is divided by 37?
33
Let m(n) = -2*n + 42. Let y be m(13). Let w = -8 + 8. Suppose t - 8 = -t, u - 4*t - y = w. Calculate the remainder when 126 is divided by u.
30
Suppose -2*l + 771 = u, u + 442 - 1220 = -3*l. Calculate the remainder when u is divided by 180.
37
Suppose l - 7 = 0, 35*r - 37*r + 2*l + 1124 = 0. Calculate the remainder when r is divided by 173.
50
Let y be -2*(-166)/16*(-24)/(-6). Let g = y + -17. Calculate the remainder when g is divided by 19.
9
Suppose 67*y + 6164 = 113*y. What is the remainder when y is divided by 14?
8
Suppose 56*i = 68*i - 624. Let y = -15 - -104. Suppose -5*t = q - y, -2*t + 3*q + 17 = -22. Calculate the remainder when i is divided by t.
16
Suppose -28 = -16*l + 2 + 642. Calculate the remainder when 668 is divided by l.
38
Suppose 13*p = 268 + 330. Calculate the remainder when p is divided by 630/40 - 2/(-8).
14
Suppose -2*y + 0*y + 24 = 0. Let r be 650/(-4) + 6/y. Calculate the remainder when 9/3 + r/(-3) is divided by 21.
15
Suppose -14 = -13*m + 51. Suppose 169 = -m*d - 6. Let q = 67 + d. What is the remainder when 125 is divided by q?
29
Let y = -69 + 108. Suppose -4*i = -3*r - r + 88, -2*r + y = 3*i. Suppose 0 = -797*k + 806*k - 918. What is the remainder when k is divided by r?
18
Suppose -4*n - 56 = -44. Let m be (n - (-3 + -1)) + 2. Suppose 0*h - 105 = -m*h. What is the remainder when h is divided by 13?
9
Calculate the remainder when -105*(-13)/(39/389) is divided by 51.
49
Let f be 1 + ((-25092)/(-27) - 1/3). Suppose 0 = -10*m - 5*m + f. Calculate the remainder when m is divided by (-930)/(-70) - 2/7.
10
Suppose -5*l - 33 = -3*w + 57, -w = 5*l + 90. What is the remainder when (-4)/l + (-553)/(-63) is divided by 3?
0
Suppose -6*a + 8*a = 170. Suppose i + 4*i = a. Let m = 5 + i. What is the remainder when 85 is divided by m?
19
Let b = 210 + -149. Let z(y) = y**3 - 5*y**2 + 4*y + 21. Calculate the remainder when b is divided by z(4).
19
Suppose 0 = -13*b + 53 - 1. Suppose 5*g - 169 - 943 = -b*i, -2*i = -2*g - 574. Calculate the remainder when i is divided by 22.
19
Suppose 0 = -21*m - 22 + 106. Suppose 4*b - 114 = -v - m*v, 0 = v + 4*b - 10. What is the remainder when v is divided by 7?
5
Let n = 282 + -271. Let w(x) = -2*x**2 + 30*x - 36. Calculate the remainder when 779 is divided by w(n).
51
Let n be 100 + 4*((-21)/6 + 4). Calculate the remainder when 250 is divided by (102/(-3))/(5 + n/(-18)).
46
Let w(r) = -8*r + 108. Calculate the remainder when 408 is divided by w(6).
48
Let h be -2*(-413)/6*57/(-19). Calculate the remainder when 167 is divided by -2 - h/(2 + 5).
53
Let t be (2 - 2/4)*(-44)/(-33). Let b(x) = 4*x**2 - 4*x + 0*x + 2*x. Calculate the remainder when 21 is divided by b(t).
9
Let l = -270 + 414. Let r = l + -80. Suppose -4*u = -2*u - r. What is the remainder when 191 is divided by u?
31
Let u = -38965 + 39595. What is the remainder when u is divided by 61?
20
Suppose 12*c - 5579 = -647. Calculate the remainder when c is divided by 60.
51
Calculate the remainder when 163159506/7650 - 1/25 is divided by 158.
156
Let o = -40 + 55. Let b(q) = -q**3 + 6*q**2 + 8*q. Calculate the remainder when ((-6)/o)/((-16)/1640) is divided by b(7).
6
Let x(k) = 89*k + 1. Let v be x(1). Let t be ((-74)/4)/((-9)/v). What is the remainder when 109 is divided by (2 + 1)/(15/t)?
35
Let b = 16200 - 16168. Calculate the remainder when 4895 is divided by b.
31
Let y(n) = 11*n**2 + 64*n - 3. Let j be y(-6). Suppose 0 = j*m - 8*m - 3*q - 131, -4*q - 135 = -m. What is the remainder when m is divided by 5?
4
Let d(v) = -36*v + 5122. Calculate the remainder when d(-109) is divided by 29.
27
Let b(r) = -r**2 - 85*r - 752. Calculate the remainder when b(-16) is divided by 120.
112
Calculate the remainder when 21*(28/140)/((-6)/(-55))*26 is divided by 253.
242
Calculate the remainder when 25/(-20)*-329 - 66/(-88) is divided by 65.
22
Let w be -4*6/(-24)*-196. Let t = 266 + w. What is the remainder when t is divided by 19?
13
Suppose 0*y - 4*y = -96. Suppose -5*r + 73 = 3*w, 4*r - 6*r + 3*w = -25. What is the remainder when y is divided by r?
10
Let o(n) = -74*n - 80. What is the remainder when 2033 is divided by o(-2)?
61
Let x(s) = 4*s**2 - 22*s + 91. Let g = -570 - -574. Calculate the remainder when x(g) is divided by 36.
31
Suppose b - 30 = 4*o + 31, -b - 2*o + 73 = 0. Suppose -8 = -7*q + b. What is the remainder when 62 is divided by q?
7
Let r = -495 - -255. Calculate the remainder when 21 is divided by ((-4)/(-5))/((-24)/r).
5
Suppose -d - 488 = -4*t + 3*d, t - 6*d = 137. What is the remainder when t is divided by 65?
54
Suppose -2*p + 3*v = -19, p + 3*p = 2*v + 26. Suppose 472 = -p*j + 757. Calculate the remainder when 130 is divided by j.
16
Suppose 0 = 5*n - 4*w - 30, -5*n + 2*w - 5 = 5*w. Suppose 0 = -q - 2*z - n, 2*z - 6 = -q - q. What is the remainder when q/(-36) - 994/(-18) is divided by 8?
7
Calculate the remainder when ((-822)/10)/((-22)/((-330)/(-9))) is divided by 114.
23
Let l(z) = -4*z - 35*z + 37*z + 55. Calculate the remainder when l(-5) is divided by 14.
9
Suppose -496 = -r - o, 4*o - 229 - 246 = -r. Calculate the remainder when r is divided by 134.
101
Suppose -1186 = 3*c - a, -1171 = 6*c - 3*c - 4*a. Let g = 426 + c. What is the remainder when 101 is divided by g?
14
Let v(a) = 114*a - 800. Calculate the remainder when 224 is divided by v(8).
0
Let r = 148 - -209. Let x = r + -309. Calculate the remainder when 621 is divided by x.
45
Let t = 7083 + -6247. What is the remainder when t is divided by 22?
0
What is the remainder when ((-64)/8 - 94)*-24 is divided by 35?
33
Let l(b) = b**3 - 7*b**2 + 4*b - 4. Let m be l(5). Let t = -30 - m. What is the remainder when (-86)/(-18) - (-6)/27 is divided by t?
1
Let w be (-5)/1*-1*5. Suppose w = -4*t + 33. Suppose t*s - 89 = 3*d, -2*s + s - 4*d + 50 = 0. What is the remainder when s is divided by 16?
14
Suppose 3*k - 2*t = k + 58, -4*t + 115 = 3*k. Let f(v) = v**2 + 28*v - 99. What is the remainder when f(8) is divided by k?
24
Let w(s) = s**2 - 19*s - 492. What is the remainder when 175 is divided by w(-15)?
13
Calculate the remainder when 1956*(1972/1276 - (-2 + (-28)/(-11))) is divided by 98.
94
Let n = 172 - 166. Suppose -w = -n*w + 1025. What is the remainder when w is divided by (1 + -3 - 0) + 54?
49
Suppose 2*r = 4*y + 361 + 13, -2*y = -4*r + 778. What is the remainder when 1573 is divided by r?
194
Suppose 2*k + 1 = -5*w, -2*k + 5 = -4*w - 3. Calculate the remainder when (-41)/(-1)*(k + 4)/2 is divided by 6.
3
Suppose -5*u + d = -9, 4*u + 4 = 7*u - 2*d. What is the remainder when (-2020)/(-32) + 1/(-16)*u is divided by 11?
8
Let z(i) = -4*i + 680. What is the remainder when z(81) is divided by 17?
16
Suppose -4*q - 3*f + f = -78, q - 27 = f. Let a = 506 + -465. Calculate the remainder when a is divided by q.
19
Suppose 0 = -j + 118 + 119. Let u = j - 221. Calculate the remainder when 47 is divided by u.
15
Let g(u) = u**3 + 6*u**2 - 3*u + 13. Let d be g(-5). Suppose d*h - 59*h + 120 = 0. Calculate the remainder when 115 is divided by h.
15
Let g(o) = -5*o**2 + 223*o + 467. Calculate the remainder when 145 is divided by g(46).
0
Suppose 2*j = k + 388 + 1161, 3*j = 2*k + 2320. Calculate the remainder when j is divided by 764.
14
Suppose -2*u = 2*b - 12, -u + 6*u - 14 = -b. Suppose -2*g + 4 = -18. Calculate the remainder when 2*(49/2 - b) is divided by g.
8
Let o = 15669 - 15648. Calculate the remainder when 329 is divided by o.
14
Let w be (6 + -2)*(-5 + 6). Let g(t) = 1 - w*t - 28 - 6 + 6. What is the remainder when 27 is divided by g(-11)?
10
Suppose -n + 4*m - 47 + 2040 = 0, 5925 = 3*n - 3*m. What is the remainder when n is divided by 58?
55
Suppose -5*x = -3*a - 629, -123 = -10*x + 9*x + 2*a. Calculate the remainder when x is divided by 76.
51
Let w = -1637 - -1706. Calculate the remainder when 1405 is divided by w.
25
Let p = -54 - -77. Let m(a) = -a**2 - 26*a - 59. Calculate the remainder when p is divided by m(-23).
3
Let l = -3084 + 3539. Calculate the remainder when l is divided by 193.
69
Let c(m) = m**3 - 25*m**2 - 61*m + 1193. What is the remainde